inder when a is divided by 24?
2
Suppose 0 = -4*d + 442 - 234. Suppose d*h = 58*h - 36. Calculate the remainder when 58 is divided by h.
4
Let u(g) = -g**3 + 21*g**2 - 51*g + 639. Suppose 3*n - 4*w = 55, -2*n + 65 = w + 2*w. Calculate the remainder when n is divided by u(20).
6
Suppose 16*i = 1037 + 515. Calculate the remainder when 1648 is divided by i.
96
Suppose 13*x - 1080 = 4*x. What is the remainder when 19 is divided by (-8)/10 + (-144)/x - -16?
5
Let v(t) = t**3 - 7*t**2 + 5*t + 4. Let o be v(6). Suppose 31*i - 11*i - 115 = -15. Calculate the remainder when (o/2)/(1/(-17)) is divided by i.
2
Suppose -995 - 127 = -11*d. What is the remainder when 391 is divided by d?
85
Let d be 240/36*(-873)/(-12). Suppose f = 497 - d. Calculate the remainder when 35 is divided by f.
11
Calculate the remainder when 1755 is divided by 8/(-1)*(-1197)/342.
19
Let z(w) = 140*w**2 - 6719*w - 41. Calculate the remainder when 43 is divided by z(48).
1
Let m = -4175 - -4275. What is the remainder when m is divided by 36?
28
What is the remainder when -4 + 10/(-105) + (-7)/((-735)/28360) is divided by 18?
14
Let g be (-4*(-2)/(-6))/(2/3). What is the remainder when 75 is divided by 7/((-2)/g) - (-13 - -9)?
9
Let x = 10520 + -6794. What is the remainder when x is divided by 37?
26
Suppose 3576 = -4*w + 16*w. Let b = w - 76. What is the remainder when b is divided by 57?
51
Let o be 2/(-30)*-5*192. Let a = 243 - o. Suppose -5*k + a = -66. What is the remainder when k is divided by 25?
24
Calculate the remainder when (26/598 - (-1778)/(-161)) + 672 is divided by 113.
96
Let i(h) = 4*h**3 - 2*h**2 + 1. Let x be i(-2). Let j = -33 - x. What is the remainder when 11 is divided by (j/(-9))/((-6)/27)?
2
Suppose -5*r - 4*m + 365 = -m, 2*r - 3*m - 167 = 0. Let l be (1 - -3) + -1 + 1. Suppose 36 = l*w - 28. Calculate the remainder when r is divided by w.
12
Suppose -7807 + 1970 = -13*f. What is the remainder when f is divided by 51?
41
Suppose -4*a - 332 = -2*g, -6*g - 3*a - 513 = -9*g. What is the remainder when 6511 is divided by g?
175
Let q be ((-4)/6)/((-240)/(-81) + -3). Suppose -15*w + q*w - y - 1386 = 0, 0 = 5*y - 15. What is the remainder when w is divided by 31?
29
Suppose -4*a - 2*i + 186 = 0, -11*i = a - 6*i - 24. What is the remainder when 1028 is divided by a?
48
Let m = 278 - 62. Let n = m - 210. Calculate the remainder when 10 is divided by n.
4
Suppose 0 = -0*z - 5*z + 4*z. Suppose 3*k + u + 14 = z, 4 = -3*u - 11. Calculate the remainder when 24 is divided by k*(-12)/4*1.
6
Suppose 2*p = -5*q + 2500, 2*p = 21*q - 22*q + 508. Let a = 507 - q. Let z = 28 - -7. What is the remainder when z is divided by a?
8
Let b(h) = 31*h**2 + h - 3. Let r be b(-3). Suppose 0 = -12*q - q + r. What is the remainder when q is divided by 12?
9
Let t = 281 + -293. What is the remainder when 84 is divided by 2/12*1 - 766/t?
20
Suppose 0*r - r = -16. Let q(s) = 14*s + 238. Let c be q(-19). Let o = 70 + c. What is the remainder when o is divided by r?
10
Let h(m) = m**2 - m - 55. Let j be h(-7). Calculate the remainder when (2492/7 + (-1 - -3))*j is divided by 5.
3
Let y be (2 - (-1)/2)*(-236)/(-10). Let b = -85 - -195. Let s = b - y. What is the remainder when s is divided by 14?
9
Suppose 0 = -4*s + s - 2216 + 2510. What is the remainder when 9405 is divided by s?
95
Let o = -482 + 700. Let s = -14 + o. What is the remainder when s is divided by 63?
15
Calculate the remainder when ((-213)/15)/(51/(-3315)) is divided by 21.
20
Let k(i) = 33*i - 189. Let p be k(6). Suppose 0 = -14*u + p*u + 1190. What is the remainder when u is divided by 20?
18
Suppose -5*r = -6*r + 82. Suppose -5*s = -7*s - r. Let a = 50 + s. Calculate the remainder when 41 is divided by a.
5
Let k(i) = -i**3 - 29*i**2 + 49*i + 831. Calculate the remainder when 4943 is divided by k(-31).
7
Calculate the remainder when (14094/270 - 51)/(3/22630) is divided by 283.
279
Let b = 222 + -130. Suppose 0 = 4*h - 20 - b. What is the remainder when 7/(35/10) + 109 is divided by h?
27
Let c(g) = 3*g**2 - 114*g + 449. Calculate the remainder when 1143 is divided by c(4).
36
Let y = 232 + -271. Calculate the remainder when 334 is divided by 1274/y*36/(-14).
82
Let p = 5734 + -5697. Suppose -l + 1 = -0*l. Calculate the remainder when 2/4*l*290 is divided by p.
34
Let x(j) = -3*j - 61 + 19 - 3*j. Let a be x(-7). Suppose -5*y + 100 + 170 = a. What is the remainder when y is divided by 30?
24
Suppose -4*s - 39*u = -42*u - 942, -2*s - u + 476 = 0. Calculate the remainder when 673 is divided by s.
199
Let t(m) = -m + 27. Let q be -6 + (5 - 18) - 1. Calculate the remainder when 133 is divided by t(q).
39
Let s(g) = -g**2 - 7*g - 3. Let o be s(-6). Let d(p) = -5*p + 2*p**3 + p + o - 8*p**2 + 15*p**2. What is the remainder when d(-4) is divided by 2?
1
Suppose 28 = -4*i + 6*i. Let s(u) = 10*u - 30. Let a be s(9). Calculate the remainder when i is divided by ((-8)/(-10))/(6/a).
6
Let b = 944 - 1497. Let y = 560 + b. Calculate the remainder when 41 is divided by y.
6
What is the remainder when 46 is divided by -72 + 78 + 6 + -3?
1
Suppose 4*b - 56 = -4*a, -15 = 6*b - b. Suppose -5*m + 3*v = 710, 0 = -4*v - 0*v. Let u = -93 - m. Calculate the remainder when u is divided by a.
15
Let z(d) = 2*d**2 + 32*d - 872. Calculate the remainder when 794 is divided by z(16).
34
Let u = -1994 + 1996. Let c(p) = p**3 - 6*p**2 + 2. Suppose -5*j - o + 25 = 0, 6*o = -3*j + 8*o + 28. What is the remainder when u is divided by c(j)?
0
Let d = 82209 - 54795. What is the remainder when d is divided by 37?
34
Let r(a) = a - 15. Let x be -6*(-3 - 1 - -3). Let c be r(x). Let o(j) = -j**3 - 8*j**2 + 9*j + 6. What is the remainder when o(c) is divided by 2?
0
Let u(v) = 6 - 34 - 33*v - v**2 + 52*v. Let r be u(17). Let y = 17 - r. What is the remainder when y is divided by 4?
3
Suppose -3*s + 84 = -21. Suppose 5*v = -1395 + 3985. Suppose 128 + v = 3*l - 5*q, q + 626 = 3*l. What is the remainder when l is divided by s?
32
Suppose 5*d + 26 = -2*x + 112, -3*x = 5*d - 124. Suppose -145 - 62 = -3*g. Suppose -5*w = -31 - g. Calculate the remainder when x is divided by w.
18
Let t = 60 + -57. Suppose 4*w + t*o + 1 - 18 = 0, -2*o = -5*w + 4. Let c(f) = 2*f**3 - 15*f**2 + 10*f - 17. Calculate the remainder when c(7) is divided by w.
0
Let g = -47 + 94. Calculate the remainder when g is divided by -4 + (4/(8/65) - 31/62).
19
Suppose -240850 - 88943 = -211*m. Calculate the remainder when m is divided by 27.
24
What is the remainder when 220/(-44)*-1*116/20 is divided by 17?
12
Let k(v) = v**2 + 45*v - 11. What is the remainder when 64 is divided by k(-46)?
29
Suppose 4*z = o - 127, 0 = -2*o - 0*o + 2*z + 242. Let p = 200 - o. What is the remainder when 315 is divided by p?
72
Let u(d) = 11493*d + 126435. What is the remainder when 3*27 - (-1 - 0) is divided by u(-11)?
10
Let p(q) = 18*q - 4. Let r be p(5). Let s = -48 + r. Let n(j) = 3*j**2 - 91*j + 38. Calculate the remainder when s is divided by n(30).
6
Let m = -2904 - -2904. Suppose -5*u - 12 = -w - 52, -8 = -4*u - 4*w. Suppose 0 = b - 4, 0 = a - 3*b + u - m. Calculate the remainder when 11 is divided by a.
1
Let j be 22 + -28 - (3 - 159). Suppose 20*q - 110 = j. Calculate the remainder when 138 is divided by q.
8
Let i = -165 + 295. Let n(m) = -m**2 + 8*m - 21. Let r be n(4). Let x = 39 - r. What is the remainder when i is divided by x?
42
Let c(x) = x**2 + 3*x + 21. Let l be (40/30)/(2/3). Suppose -l*v = 4*w - 4, 0 = -0*v + 3*v - 5*w + 5. Calculate the remainder when 81 is divided by c(v).
18
Let l(g) = -g**2 + 9*g + 363. Let p = 1013 + -991. What is the remainder when l(p) is divided by 29?
19
Let k(u) = 13 - 4*u + u + u + 20 + 4*u. What is the remainder when 180 is divided by k(-5)?
19
Let u = -1379999 + 1380067. Let l(w) = w**3 + 7*w**2 + w + 6. Let b be l(-5). Let a = -33 + b. What is the remainder when u is divided by a?
14
Let p = -47 - -54. Suppose 2*t = p + 3. Suppose 7*h - 248 = -73. Calculate the remainder when h is divided by t.
0
Suppose 4393 = 113*g + 119*g - 41*g. Suppose -23 = -4*q - r, 2*r + 15 = 5*q - 4. What is the remainder when g is divided by q?
3
Let q = 153 + -162. What is the remainder when 41 is divided by q*6/(-18) + -1?
1
Suppose -13*n + 11*n = -16. Let g be -1 - n/(16/(-66)). Suppose 